
Suppose -34*w = -35*w + 5437. Is w a prime number?
True
Let c(j) = -213*j - 53. Is c(-8) composite?
True
Suppose -10 = -3*v + 2*l, l = -v + 2*l + 5. Suppose -3*w + 884 - 83 = v. Suppose -z - w = -4*f, -4*z + 136 = 2*f - 2*z. Is f composite?
False
Let k be (-3 + 4 - 4)*-3103. Suppose 4*d - k = 4719. Suppose -s + 2*c + 848 = -321, 4*c = -3*s + d. Is s a composite number?
True
Suppose -2*y + 25851 = -1291. Is y a composite number?
True
Let g(j) = 9 - j**2 - 23*j**3 + 22*j**3 + 8*j - 6*j**2. Let u be g(-8). Is ((-90)/27)/((-2)/u) a prime number?
False
Is (-4)/(-6) - 291076/12*-1 prime?
False
Let a(r) = r**2 + 2*r + 3. Let g be a(-2). Suppose 4535 = g*i + 2*i. Is i composite?
False
Suppose 41*k - 42*k = 0. Suppose k = -3*x + 61 + 1052. Is x prime?
False
Suppose -51365 + 18780 = -5*m - 5*i, 4*i = -16. Is m a composite number?
False
Is ((-7)/56*-548)/(1/26) a prime number?
False
Is 3 - (19838/(-6))/((-3)/(-18)) a prime number?
True
Is 31087/(-5)*-1 - (-147)/245 a composite number?
True
Suppose 0 = -19*j + 7861 + 4584. Is j composite?
True
Suppose -4*d + 6*h + 11274 = 5*h, -4*d - h + 11278 = 0. Is d composite?
False
Suppose -2*x = -5*m - 31, -x = -2*x + 3*m + 18. Suppose -x*o - 4*r = -3365, -2243 = -2*o + r - 4*r. Is o a composite number?
False
Let y(v) = -3*v - 15. Let l be y(-8). Suppose 0 = t - 3*t + n + l, -5*n = 2*t - 3. Suppose -331 = -3*f + c, -3*f - t*c = 2*f - 529. Is f prime?
True
Let f(u) = -2*u**3 - 2*u**2 + 2*u + 1. Let i be 0/((-3 - -1)/(-2)). Let y = i - 4. Is f(y) composite?
False
Suppose -14*x + 702 = -236. Is x composite?
False
Suppose 0 = 12*x + 34*x - 1642522. Is x a prime number?
False
Is (-26822)/(4*(-2)/4) prime?
True
Let b(j) = 658*j - 13. Let a(z) = 329*z - 6. Let c(d) = -9*a(d) + 4*b(d). Is c(-1) prime?
True
Let a(x) = 29*x + 27. Is a(46) a prime number?
True
Let s(a) = -98*a - 1. Suppose -3*d + n = -11, -4*n - n = -3*d + 19. Suppose -4*x + t = 7, -7 - d = 2*t. Is s(x) prime?
True
Let u = 40 - 38. Suppose -3*t + 324 = -t. Suppose 0 = 5*o - 4*o - 3*a - t, -2*o - u*a = -364. Is o a prime number?
False
Suppose 9*p - 113326 = 91487. Is p composite?
True
Let u(y) = -y**2 - 10*y + 1. Let c be u(-10). Let l = -5 - c. Is (-3 - l)*(-26)/(-3) prime?
False
Let v(p) = 5*p**3 - 14*p**2 + 46*p + 13. Is v(16) a prime number?
False
Let k(f) = -f**3 - 4*f**2 + 3*f + 4. Suppose 0 = 3*y + 5*x - 45, 0 = 2*y + 3*x + x - 32. Let b(g) = -g**2 + 9*g + 5. Let s be b(y). Is k(s) a prime number?
False
Let u = 7 - 0. Let p(z) be the first derivative of 5*z**2/2 - 12*z - 15. Is p(u) a composite number?
False
Let c(s) = 1078*s**2 + 24*s - 73. Is c(5) a prime number?
False
Suppose -7*f - 24 = -3*f. Let p be 75/27 - f/27. Suppose h - 5*n - 213 = 0, -n + 619 = p*h - 6*n. Is h prime?
False
Suppose -x + 23 = -15. Suppose 118 = -k + x. Let m = 147 + k. Is m prime?
True
Suppose -5*n - 6 = -4*t, -9 = -4*n - 3*t + 11. Let p(f) = 15*f**2 - 14*f - 29. Let m be p(-7). Suppose n*o + 7*j - 514 = 3*j, 3*o = 5*j + m. Is o prime?
True
Let h be 222 + 1 + 0 + -1. Suppose 8*p - 2*p - 5*p = 0. Suppose p = -5*k + h + 203. Is k prime?
False
Let g(o) = -3*o**3 - 4*o**2 + 5*o + 29. Is g(-9) a prime number?
True
Let i(d) be the second derivative of -d**7/840 + 11*d**6/360 - d**5/15 - d**4/24 - 5*d**3/6 - d. Let b(a) be the second derivative of i(a). Is b(9) prime?
True
Let z(u) = -2*u**3 - 3*u**2 - 10*u + 11. Is z(-12) a prime number?
False
Let q(n) = 166*n - 1. Is q(5) composite?
False
Is (-10)/(-35) + (-8)/28 - -8491 prime?
False
Let m be ((-2)/5)/((-3)/(-75)). Let f be (-544)/m + 22/(-55). Let w = 67 + f. Is w prime?
False
Let g = -9 + 9. Let d be (-6198)/(-8) + 4/16. Suppose g = 2*p + 3*p - d. Is p a composite number?
True
Let y = -7 + 15. Suppose 0 = -2*p, 4*f - p = 2*p + y. Suppose -z - f = -159. Is z prime?
True
Let r be (-40)/(-12)*6/10. Suppose 5*y - 1440 = y + 4*h, -r*h - 4 = 0. Is y a composite number?
True
Suppose -170719 = 25*w - 862169. Is w composite?
True
Suppose -4556 = -10*p + 10134. Suppose k - 3*a = p, -3*k - 5*a = -5*k + 2942. Is k a prime number?
True
Let u(l) = 12226*l**2 + 17*l. Is u(-1) prime?
False
Suppose -16 = -5*z - 3*w, -3*z - 2*w + 0*w = -9. Suppose -1391*b = -1398*b + 14630. Suppose -n - q = q - 1047, -2*n + b = z*q. Is n a composite number?
True
Let g(k) = -19*k**2 - k + 1. Let z be g(1). Let f = -13 - z. Is f a prime number?
False
Let a be 612 - (-5 + 0/(-1)). Let l = a - -89. Is l composite?
True
Suppose 3*q = -4*y - 10 - 5, 0 = -4*y - 12. Let o be -1*1/q*2. Suppose 5*c + o*d - 451 = 0, 2*c = 7*d - 3*d + 166. Is c a prime number?
True
Let f(y) = 328*y**3 + 1. Let c be (-4 + 2 - -1)/(-1). Is f(c) composite?
True
Suppose -10*w + 26*w - 45232 = 0. Is w a prime number?
False
Suppose -3*u + l + l + 20 = 0, 5*u - 12 = -2*l. Suppose 0 = -b - u*q + 1549, 2*q = 3*b - 1661 - 2916. Is b composite?
True
Suppose 3*a + 0*a + 6612 = 0. Is (3 + a/(-16))/((-1)/(-20)) a prime number?
False
Suppose 5*y - y - 3*n = 2461, y = -4*n + 601. Is y a prime number?
True
Let i(j) = -j**2 + 1. Let l(c) = -3*c**2 + 6*c + 7. Let n(z) = 2*i(z) - l(z). Let m be n(7). Is (5 - -287) + 2/m prime?
True
Let y(h) = -h**3 - 2*h**2 + 5*h + 6. Let g be y(-4). Let n be ((-2)/6)/(2/g). Is 46*(-4)/(-1 + n) prime?
False
Is 4557 - 84/35*(-5)/(-3) prime?
False
Suppose 5*c = 4*k + 26, -2*c + 18 = -3*c - 5*k. Let y be (4/(-10))/((-4)/40). Suppose 2*g - c*t + y*t = 452, 4*g - 4*t - 880 = 0. Is g prime?
True
Is (-2)/8 - (-26949)/12*3 a composite number?
False
Suppose 19*i - 143944 - 255265 = 0. Is i a composite number?
False
Suppose 4*l + 1221 = 7*l. Let t = -575 + l. Let u = t - -253. Is u composite?
True
Let g(z) = 193*z + 5. Let u(a) = a + 1. Let f(w) = -g(w) + 3*u(w). Let k be f(-10). Suppose r - n = 630, -3*r - 4*n = n - k. Is r a prime number?
True
Let b(f) = 5*f**2 + f - 1. Let q be b(1). Suppose 4*o - 833 = 4*l - 13, q*l = 4*o - 824. Is o prime?
False
Let z = 11283 + -4376. Is z a composite number?
False
Let v = 2645 + -1824. Is v prime?
True
Suppose -5*h = -4*q + 181604, 0*q = 4*q + 4*h - 181604. Is q a composite number?
True
Let v(o) = -o**2 - 19*o - 9. Let g = 2 + 2. Suppose -3*z + 7 = -g*l - 16, -l + 3*z = -1. Is v(l) a composite number?
False
Let l = -40 + 92. Let i = 311 - l. Is i a composite number?
True
Let g(i) = -i**3 - 35*i**2 + 53*i - 12. Is g(-41) composite?
False
Let f = 47 + -84. Suppose 0 = -6*c - 2*c - 832. Let b = f - c. Is b a composite number?
False
Suppose -4*r - 2*o = 32, 0 = -4*r - 3*o + 8*o - 4. Is (9/15 + -2)*(1 + r) a prime number?
True
Let n be 7/(-14)*16*227/2. Let f = 2665 + n. Is f a prime number?
False
Is (-4 + -4 - -11)/((-6)/(-20986)) a prime number?
False
Let f(m) = m**3 + 20*m**2 + m + 25. Let s be f(-20). Suppose 1514 = t + 2*v - s*v, -4*v = 0. Is t a composite number?
True
Let q = -37 + 75. Is 3365/7 + q/133 a composite number?
True
Suppose -4*x + 5*x = 655. Suppose 3*a - a - x = 5*f, 6 = 2*f. Is a prime?
False
Let g(v) be the third derivative of 31*v**6/120 + v**5/15 - v**4/8 - 17*v**3/6 + 23*v**2. Is g(5) composite?
False
Let y = -6420 + 10847. Is y prime?
False
Let a = -347 - -499. Suppose -3*c + g = -5*c + 78, 0 = 4*c + g - a. Is c composite?
False
Let f = -135 - -295. Suppose 0 = -q + 1743 + f. Is q prime?
False
Suppose -1335 - 3572 = -v. Is v prime?
False
Is (-9)/((-270)/94902) + 4/(-10) a composite number?
False
Let h(f) = f**2 - 6*f + 14. Let l be h(10). Suppose 0 = -5*q + 3*y + 3296, -q + 2*y + 831 = 169. Is l/(-90) + q/5 composite?
False
Is ((-6254)/(-8))/(65/20 + -3) composite?
True
Suppose -2*z = 4*h - 29472, -5*h - z = 4*z - 36835. Is h prime?
True
Let g(o) = -o + 18. Let z be g(5). Let s = 8 + z. Is 12/28 - (-2490)/s prime?
False
Let m(g) = -g**3 - 5*g**2 - 3*g + 8. Let o = -16 - -20. Let r be m(o). Is -2*r/(-24)*-3 composite?
False
Let k = -10 + 12. Suppose 0 = -k*b - b - 3*d, 0 = -2*b + d + 9. Suppose 524 = 7*t - b*t. Is t composite?
False
Let j(g) = 213*g**2 - 87*g - 1. Is j(5) a composite number?
False
Let k(t) = -2176*t - 25. Let n be k(-11). Suppose -4*x = -5*i + n, -2*i - 3850 + 13417 = x. Is i a prime number?
True
Let k be (1 + -655)*15/(-45). Let q be 351 - 9/(9/(-2)). Suppose 2*b + 0*b - 5*v = k, -v - q = -3*b. Is b a prime number?
False
Is (-11)/66*9*16948/(-6) a prime number?
False
Let y(l) = 2*l**3 - 8*l - 5. Let o(b) = 5